. Suppose -19*v + 14589 = 14532. What is i(v)?
44
Let s(u) be the second derivative of 23*u**3/3 + u**2/2 + 1648*u. Give s(1).
47
Let g(q) = -10*q - 35. Let i be g(26). Let r = 300 + i. Let d(v) = 2*v**2 - v**2 + 6*v - 11*v. Determine d(r).
0
Let r(u) = -u**2 + 6*u - 3. Let q(i) = -i**2 + 8*i - 1. Let l(v) = 2*q(v) - 3*r(v). What is l(-7)?
70
Let o(u) = u**2 + 2*u + 4. Let w be o(-3). Suppose d - 12 = w. Let q be 2/(-4)*(d - 19). Let x(c) = c**2 - 12. What is x(q)?
-12
Let o(r) = 2346911*r - 2346898*r - r**2 + 15 - 52. Give o(10).
-7
Let c(a) = -5 + 502237*a**3 - 6*a + 5*a**2 - 502238*a**3 + 2*a**2. Let l be (0 + 3 + 2)/1. Give c(l).
15
Let k(m) be the first derivative of m**3/3 + 3*m**2 - 2*m + 105. Let l be ((-7)/2)/(3 + (-25)/10). What is k(l)?
5
Let j be (8/(-56))/((-1)/7). Let x(h) be the second derivative of 5*h**4/2 - h**2/2 + 2*h + 10. What is x(j)?
29
Suppose -5*m - y + 13 = 0, 0*m - 2*y - 10 = -2*m. Let w be (-858)/(-104) - m/(-4). Suppose w*b = 5*b - 4. Let i(u) = -11*u + 1. Determine i(b).
12
Suppose 0 = -2*m + 16 - 14. Let a be m/(20/(-8) + 3). Let u(t) = -43 - 2*t + t**2 + 2*t**3 + 45 - 2*t**a. Determine u(2).
10
Let m(y) = -y**2 + 4*y + 5. Suppose 17*b + 25 = 76. Let j(a) = -2*a**2 + 7*a + 11. Let u(c) = b*j(c) - 5*m(c). What is u(6)?
-22
Suppose -31*g - 19*g = -100. Let n = -2 + 4. Let c(h) = -7*h + 12*h**n + h**3 + 2*h - 33*h**2 + 16*h**g + 7. Calculate c(5).
-18
Let f(c) = -22 - 941*c**2 - 16*c - 938*c**2 + 1880*c**2. Determine f(16).
-22
Let m(i) = i**3 + 29*i**2 - 48*i + 439. Let k be m(-31). Let x(t) be the third derivative of t**5/60 - 5*t**4/24 - 5*t**3/6 + t**2. Calculate x(k).
-5
Suppose -6*y + 8*y - 10 = 0. Suppose 14 = x - 4*d - 3, 5*x - 4*d - y = 0. Let f(q) = -3*q**2 + 2*q**3 - q + 4*q**3 + 3 - 7*q**3. Calculate f(x).
6
Let o(p) = -p**2 - p + 1. Let y(j) = 2*j**2 - 6*j + 2. Let l(d) = -3*o(d) - y(d). Let i be (-368)/(-460) + (-98)/10. Give l(i).
-5
Let p = -635 - -644. Let s(r) = 16 - p + 8 - 10 + 4*r. Determine s(-5).
-15
Let c(l) = l**2 + 16*l + 4. Let x be c(-16). Let n(g) be the third derivative of -5*g**4/24 + 5*g**3/6 + 9*g**2 - 25. Calculate n(x).
-15
Let o(p) = -1196*p**2 + 1177*p**2 - p**3 + 7 - p - 33. Determine o(-19).
-7
Let h be -7*(-35)/((-2450)/(-20)). Let f(q) = -q**3 + 5*q**2 + q - 5. Give f(h).
9
Let s be 7 - ((-1 - 2 - 4) + 55 + -43). Let u(j) = 7*j - 7. Calculate u(s).
7
Let i(g) = -3*g**3 + 7*g**2 - 30*g + 24. Let d be i(1). Let y(h) = -h**2 - 4*h - 5. Calculate y(d).
-1
Let i = 20241 - 20238. Let m(l) = -2*l**2 - 4*l + 12. Determine m(i).
-18
Let d(u) = -7*u**3 - 8*u**2 - 9*u - 12. Let p(a) = 19*a**3 + 24*a**2 + 28*a + 30. Let x(q) = 8*d(q) + 3*p(q). Calculate x(-6).
-6
Suppose 0*h + 7*h - 28 = 0. Let v be (h*-1)/((-408)/(-69) - 6). Let b = v + -43. Let t(d) = d**2 - 2. Determine t(b).
7
Let f(x) be the second derivative of -x**6/360 + x**5/30 + 11*x**4/24 + x**3/6 - 8*x**2 + 32*x. Let z(n) be the second derivative of f(n). Give z(6).
-1
Let q(l) be the third derivative of 0*l**3 + 0*l - 1/10*l**5 + 0 + 37*l**2 - 1/24*l**4. Give q(-1).
-5
Let v(f) = -3*f - 20. Suppose 102*h + 468 = 17*h - 212. Determine v(h).
4
Let x(k) be the first derivative of -17*k - 182 - 1/2*k**2. What is x(-10)?
-7
Let i(o) = o**3 - 6*o**2 + 5*o + 8. Let k be 4/6*225/30. Calculate i(k).
8
Let p(l) = 5*l + 35. Suppose 0 = 4*v - k + 7, -3*v + 12 = 5*k. Let b be v/2 + 1*(-60)/8. Determine p(b).
-5
Suppose -3*m + 4 = -m. Let q(y) = -37 - 15 + y**2 - 23 - 3*y**2 + 74. Give q(m).
-9
Let b(k) = 3*k**3 - 8*k**2 + 6. Let g = 836 + -833. Calculate b(g).
15
Let b(z) = z + 4. Let v(j) = -j**3 - 4*j**2 + 4*j + 16. Let g be v(-2). Suppose g = -2*p - 2*x + 2 + 10, 5*p - 2*x - 37 = 0. Give b(p).
11
Suppose 8*v - 45 = 91. Let n(k) = -23*k - k**2 + v*k + 8*k + 5. What is n(6)?
-19
Let r(f) = 8*f**2 - f + 6. Suppose -1652 = -55*k - 1487. Calculate r(k).
75
Let b(i) be the third derivative of -i**4/24 + i**3/3 + 8*i**2 - 3*i. Let c(k) = -2*k + 17. Let a(r) = 3*b(r) - c(r). Calculate a(-11).
0
Let w be 206/(-14) + (-2)/7. Let g(j) = 90*j + 44. Let i(m) = -44*m - 4. Let y(d) = g(d) + 2*i(d). What is y(w)?
6
Let h(m) = 3*m**2 - 7*m + 2. Let g(a) = -14*a**2 + 42*a - 27. Let b(u) = -g(u) - 5*h(u). What is b(-6)?
23
Let s = 9 + 0. Let y(l) = s*l + 132*l**2 + 136*l**2 - 14 - 269*l**2. Calculate y(6).
4
Let o(a) be the third derivative of -a**4/2 - 5*a**3/2 + 1830*a**2. Determine o(0).
-15
Let t(n) = n - 13. Let u be t(7). Let x(y) be the third derivative of 40*y**2 + 1/8*y**4 + 4/3*y**3 + 0 + 0*y. Calculate x(u).
-10
Let k(r) be the first derivative of -r**6/360 + 5*r**4/24 + 22*r**3 - 39. Let h(p) be the third derivative of k(p). Determine h(-4).
-11
Let z(b) be the second derivative of 5*b**3/3 + 103*b**2/2 + 3*b - 217. What is z(-11)?
-7
Suppose -10*i = -104 - 56. Let o be i/14 + -1 + 340/119. Suppose 6 = -o*v + 3. Let f(p) = 6*p**3 + p**2 - p - 1. Give f(v).
-5
Let d(z) = -4*z - 3. Let s(a) = a**2 + 4*a - 19. Let j = 94 - 101. Let g be s(j). Suppose -g*o - h - 8 = 3*h, -2 = 3*o - 4*h. Give d(o).
5
Let r(l) = -l**2 + 10*l - 27. Suppose 2*v - 24 = 2*s, 2*s + 30 = -v + 4*v. Give r(v).
-3
Let y(f) = -f**3 - 14*f**2 - f - 62. Let g be y(-9). Let w = g - -459. Let i(h) = 9*h**2 - h. Calculate i(w).
8
Let m be (-1 - 1)/(((-110)/40)/11). Let p(g) = g + 19. Let c(i) = -i - 28. Let r(h) = m*p(h) + 5*c(h). Determine r(-8).
-12
Suppose 4*o = 3*i, 0 = 2*o - 5*i + 5 + 9. Let h(q) = o + 61*q - 23*q - 23*q - 17*q. Suppose -2*b - 4 = 0, 3*b + 8 + 8 = 2*x. Calculate h(x).
-7
Suppose -435*x - 26 = 427*x - 875*x. Let d(n) = -4*n**3 - 4*n**2 + 2*n. What is d(x)?
-44
Let q(r) = 3*r**3 + 13*r**2 + r + 13. Let y(a) = 14*a + 82. Let u be y(-6). Let n(j) = -j**3 - 6*j**2 - 6. Let g(m) = u*q(m) - 5*n(m). Give g(4).
-4
Let i(m) = 3*m. Let b be i(-3). Let o(d) = -56138*d**3 - 8*d - 56130*d**3 + 112269*d**3 + 8*d**2 + 9. Calculate o(b).
0
Let c(m) = -m**3 - 59*m**2 + 21*m + 1234. Let z be c(-59). Let y(x) = -4*x**2 - 22*x + 7. Determine y(z).
17
Suppose -5*z - 4*h - h = -25, h + 49 = 5*z. Suppose 1 = -b + 5*g, 3*b - b = 2*g + 6. Let w(a) = -2*a + a**2 - z + b + 3*a**2 + a**3 + a**2. Calculate w(-5).
5
Let l(k) = k**2 - 9*k + 1. Let p(w) = 4*w**2 + 7*w + 4. Let c(h) = 9*h**2 + 13*h + 8. Let m(j) = 3*c(j) - 5*p(j). Let t be m(-1). Determine l(t).
-13
Suppose 27*f + 49 - 130 = 0. Let a(v) = 2*v**3 - f*v**3 - v**3 + 3*v**3 + 4 - 7*v - 5*v**2. Suppose 16 = 2*t + 4. Give a(t).
-2
Suppose -13*l - l = -14. Let g(v) = -v**2 - l + 10 - 90*v + 82*v. Determine g(-7).
16
Let q(s) = -s**2 - 6*s + 6. Let t(h) = 2*h**2 + 12*h - 13. Let v = 78 - 43. Let a be 84/v + (-2)/5. Let u(w) = a*t(w) + 5*q(w). Give u(-8).
-12
Let i(r) be the third derivative of r**4/24 + 3*r**3/2 + 14*r**2 + 48*r. Let v(u) = u**3 - 5*u**2 + 3*u + 4. Let y be v(4). What is i(y)?
9
Let u(a) = -a**2 - 4*a - 4. Let o = 32 - 380. Let v = -353 - o. Determine u(v).
-9
Let y(b) = -7*b - 13. Let j(l) = 6*l + 25 + 23 - 29 + 4*l. Let d(r) = 5*j(r) + 7*y(r). Give d(4).
8
Let s be (-27)/54*(-1 - 3). Let h(n) = -5*n**2 - 4*n**2 + 4*n**2 - 2 - 2*n + s*n**2 - 7*n**2. Give h(-1).
-10
Let x(b) be the first derivative of -2/3*b**3 + 1/2*b**2 + b + 1/4*b**4 + 113. Give x(2).
3
Let i(q) be the second derivative of q**5/20 - 7*q**4/12 - 2*q**3/3 - 3*q**2/2 - 832*q + 1. What is i(6)?
-63
Let n(d) be the second derivative of -d**4/12 + d**3 - 17*d + 7. What is n(6)?
0
Let i(l) = -l**2 + 30*l + 20. Let s be -1*6*(-7409)/1434. Give i(s).
-11
Let h = -249 - -251. Suppose i + h = 0, -2*i + 2 = 5*o + 21. Let t(r) = r + 1. Let m(w) = -w**2 + 5*w + 8. Let f(c) = -m(c) + 6*t(c). Calculate f(o).
4
Let z(p) be the third derivative of -1/4*p**4 + 0*p - 1/60*p**5 - 12*p**2 - 7/6*p**3 + 0. Suppose 0 = -13*h + 2 - 80. Give z(h).
-7
Let l(z) = -4*z**3 + 13*z**2 + 6*z + 2. Let j(p) = 5*p**3 - 17*p**2 - 6*p - 1. Let b(f) = 2*j(f) + 3*l(f). Calculate b(5).
-91
Let m(n) = 2*n**3 - 10*n**2 + 3*n + 3. Let d be m(4). Let q = 8 + d. Let b(h) = 45*h**2 + 0*h**3 - 9*h - h + h**3 - 37*h**2. Calculate b(q).
9
Let z(v) = 7 + 12047*v - 11989*v - 42 - 6*v**2. What is z(9)?
1
Suppose 0*s - 164 = -4*s. Let l(p) = p**2 + 19*p - 2558. Let q be l(42). Suppose 5*j = -b - s, -2*j - 11 = -b + q. Let a(i) = i**2 + 6*i - 8. Determine a(j).
8
Let p(j) be the first derivativ